rime factors of 366612.
2, 3, 137, 223
What are the prime factors of 977808?
2, 3, 13, 1567
List the prime factors of 305781.
3, 7, 14561
What are the prime factors of 4620659?
41, 251, 449
List the prime factors of 16336.
2, 1021
List the prime factors of 268963.
101, 2663
List the prime factors of 8263161.
3, 463, 661
List the prime factors of 1122988.
2, 43, 6529
What are the prime factors of 10207?
59, 173
What are the prime factors of 1479850?
2, 5, 17, 1741
List the prime factors of 316559.
19, 16661
What are the prime factors of 686051?
686051
List the prime factors of 1102446.
2, 3, 73, 839
What are the prime factors of 1140645?
3, 5, 11, 31, 223
What are the prime factors of 236825?
5, 9473
What are the prime factors of 1228680?
2, 3, 5, 3413
What are the prime factors of 375635?
5, 13, 5779
List the prime factors of 324793.
7, 46399
What are the prime factors of 525467?
525467
List the prime factors of 344958.
2, 3, 57493
List the prime factors of 7675494.
2, 3, 1279249
List the prime factors of 2833669.
23, 123203
What are the prime factors of 29141687?
19, 103, 14891
List the prime factors of 4046378.
2, 7, 389, 743
What are the prime factors of 4455068?
2, 1019, 1093
List the prime factors of 2502904.
2, 312863
What are the prime factors of 1156733?
41, 89, 317
What are the prime factors of 21656022?
2, 3, 3609337
List the prime factors of 1133369.
19, 59651
List the prime factors of 246934.
2, 311, 397
List the prime factors of 20773767.
3, 7, 389, 2543
List the prime factors of 293263.
293263
What are the prime factors of 398782?
2, 43, 4637
List the prime factors of 510870.
2, 3, 5, 17029
What are the prime factors of 389504?
2, 17, 179
List the prime factors of 846437.
846437
List the prime factors of 1596827.
17, 29, 41, 79
What are the prime factors of 1004830?
2, 5, 100483
List the prime factors of 38151.
3, 157
What are the prime factors of 19550637?
3, 47, 46219
What are the prime factors of 1526358?
2, 3, 71, 3583
List the prime factors of 1406004.
2, 3, 117167
What are the prime factors of 323562?
2, 3, 53927
List the prime factors of 1099023.
3, 366341
List the prime factors of 379322.
2, 189661
List the prime factors of 68400.
2, 3, 5, 19
List the prime factors of 5107487.
7, 11, 113, 587
What are the prime factors of 239018?
2, 13, 29, 317
What are the prime factors of 77868?
2, 3, 7, 103
What are the prime factors of 508185?
3, 5, 23, 491
What are the prime factors of 9641872?
2, 317, 1901
List the prime factors of 65264.
2, 4079
List the prime factors of 115462.
2, 57731
What are the prime factors of 15228809?
2003, 7603
What are the prime factors of 4220074?
2, 2110037
What are the prime factors of 5231815?
5, 661, 1583
List the prime factors of 141144.
2, 3, 5881
List the prime factors of 181927.
181927
List the prime factors of 164630.
2, 5, 101, 163
List the prime factors of 10201552.
2, 637597
What are the prime factors of 2385680?
2, 5, 11, 2711
What are the prime factors of 1302958?
2, 197, 3307
List the prime factors of 246049.
246049
List the prime factors of 249454.
2, 37, 3371
List the prime factors of 62530.
2, 5, 13, 37
List the prime factors of 8789221.
7, 17, 73859
What are the prime factors of 113531?
11, 10321
List the prime factors of 3314677.
17, 194981
List the prime factors of 12377515.
5, 73, 33911
List the prime factors of 2503567.
11, 227597
List the prime factors of 3365741.
3365741
List the prime factors of 5748437.
5748437
What are the prime factors of 1692189?
3, 188021
What are the prime factors of 67748?
2, 16937
List the prime factors of 291941.
13, 17, 1321
What are the prime factors of 291376?
2, 18211
What are the prime factors of 1706503?
139, 12277
What are the prime factors of 20778169?
20778169
List the prime factors of 24213438.
2, 3, 448397
List the prime factors of 13429275.
3, 5, 179057
What are the prime factors of 499709?
7, 71387
What are the prime factors of 396497?
23, 17239
List the prime factors of 436810.
2, 5, 11, 19
List the prime factors of 3251598.
2, 3, 7, 77419
What are the prime factors of 249650?
2, 5, 4993
What are the prime factors of 2078061?
3, 43, 89, 181
What are the prime factors of 500376?
2, 3, 20849
What are the prime factors of 9606191?
7, 19, 72227
What are the prime factors of 4502207?
4502207
List the prime factors of 17240303.
2011, 8573
List the prime factors of 236079.
3, 17, 1543
What are the prime factors of 473853?
3, 157951
What are the prime factors of 2389174?
2, 19, 62873
List the prime factors of 5050951.
109, 149, 311
What are the prime factors of 4525410?
2, 3, 5, 150847
List the prime factors of 2856230.
2, 5, 13, 127, 173
List the prime factors of 35265.
3, 5, 2351
List the prime factors of 855546.
2, 3, 142591
What are the prime factors of 294342?
2, 3, 49057
List the prime factors of 204784.
2, 12799
What are the prime factors of 278463?
3, 92821
List the prime factors of 2928518.
2, 1464259
What are the prime factors of 19546661?
311, 62851
List the prime factors of 40909021.
17, 41, 58693
What are the prime factors of 1507826?
2, 29, 25997
List the prime factors of 5773023.
3, 23, 167
What are the prime factors of 8459295?
3, 5, 13, 47, 71
What are the prime factors of 11560929?
3, 3853643
What are the prime factors of 287636?
2, 71909
What are the prime factors of 918092?
2, 7, 32789
List the prime factors of 204979.
204979
List the prime factors of 87875.
5, 19, 37
List the prime factors of 925144.
2, 11, 10513
What are the prime factors of 15511054?
2, 13, 596579
List the prime factors of 1429198.
2, 53, 97, 139
What are the prime factors of 1422154?
2, 61, 11657
List the prime factors of 2766130.
2, 5, 31, 8923
What are the prime factors of 396069?
3, 47, 53
What are the prime factors of 91301?
7, 13043
What are the prime factors of 117774?
2, 3, 727
What are the prime factors of 505015?
5, 7, 47, 307
What are the prime factors of 3621231?
3, 402359
What are the prime factors of 11592492?
2, 3, 966041
What are the prime factors of 31740455?
5, 389, 16319
What are the prime factors of 353419?
11, 19, 89
List the prime factors of 14316964.
2, 127, 28183
What are the prime factors of 324734?
2, 17, 9551
What are the prime factors of 4709764?
2, 251, 4691
What are the prime factors of 847104?
2, 3, 1103
What are the prime factors of 468820?
2, 5, 11, 2131
What are the prime factors of 461315?
5, 257, 359
List the prime factors of 50901.
3, 19, 47
What are the prime factors of 8758441?
61, 67, 2143
What are the prime factors of 3081149?
23, 133963
List the prime factors of 4298708.
2, 31, 34667
List the prime factors of 578040.
2, 3, 5, 4817
What are the prime factors of 22723?
31, 733
What are the prime factors of 2272187?
2272187
What are the prime factors of 759385?
5, 11, 13807
What are the prime factors of 8775?
3, 5, 13
What are the prime factors of 4351673?
139, 31307
What are the prime factors of 1109541?
3, 163, 2269
List the prime factors of 271189.
139, 1951
List the prime factors of 821277.
3, 91253
What are the prime factors of 503404?
2, 11, 17, 673
What are the prime factors of 2056258?
2, 1028129
What are the prime factors of 127830?
2, 3, 5, 4261
List the prime factors of 12668833.
379, 33427
List the prime factors of 939943.
67, 14029
What are the prime factors of 91384?
2, 11423
List the prime factors of 16923231.
3, 13, 109, 1327
What are the prime factors of 76312?
2, 9539
List the prime factors of 15468508.
2, 11, 19, 18503
List the prime factors of 22413901.
19, 61, 83, 233
List the prime factors of 2291163.
3, 7, 109103
What are the prime factors of 8410057?
8410057
What are the prime factors of 174471?
3, 11, 17, 311
List the prime factors of 155368.
2, 19421
What are the prime factors of 1118910?
2, 3, 5, 13, 19, 151
List the prime factors of 726205.
5, 61, 2381
List the prime factors of 2406378.
2, 3, 13, 30851
What are the prime factors of 829084?
2, 19, 10909
List the prime factors of 929450.
2, 5, 29, 641
List the prime factors of 1103343.
3, 367781
List the prime factors of 1144887.
3, 381629
What are the prime factors of 327168?
2, 3, 71
What are the prime factors of 89798?
2, 59, 761
List the prime factors of 8640762.
2, 3, 13, 47, 2357
List the prime factors of 5791882.
2, 67, 43223
List 